{"id":2571,"date":"2021-05-26T10:16:59","date_gmt":"2021-05-26T08:16:59","guid":{"rendered":"https:\/\/formation.sesan.fr\/terr-esante\/?page_id=2571"},"modified":"2021-05-26T12:41:49","modified_gmt":"2021-05-26T10:41:49","slug":"terr-esante-module-app-mobile-professionnelle","status":"publish","type":"page","link":"https:\/\/formation.sesan.fr\/terr-esante\/terr-esante-module-app-mobile-professionnelle\/","title":{"rendered":"Terr-eSant\u00e9 &#8211; Module APP&rsquo; MOBILE PROFESSIONNELLE"},"content":{"rendered":"<p><span style=\"font-family: 'Blogger Sans light', sans-serif;\">Dans le cadre de la crise sanitaire engendr\u00e9e par la pand\u00e9mie mondiale de coronavirus, il nous a parut indispensable de pouvoir \u00e9quiper les professionnels de sant\u00e9 d&rsquo;une solution facile \u00e0 d\u00e9ployer pour le suivi des patients.<\/span><\/p>\n<p><span style=\"font-family: 'Blogger Sans light', sans-serif;\">Ainsi en compl\u00e9ment du module eCOVID d\u00e9velopp\u00e9 pour remonter les sympt\u00f4mes et donn\u00e9es de sant\u00e9 propres au coronavirus, SESAN a compl\u00e9t\u00e9 son offre technique par l&rsquo;acc\u00e8s \u00e0 ce module sur smartphone via 2 application mobiles:<\/span><\/p>\n<ul>\n<li><span style=\"font-family: 'Blogger Sans light', sans-serif;\">L&rsquo;une d\u00e9crite dans la vid\u00e9o ci-apr\u00e8s pour les professionnelles de sant\u00e9<\/span><\/li>\n<li><span style=\"font-family: 'Blogger Sans light', sans-serif;\">et l&rsquo;autre d\u00e9crite dans d&rsquo;autres vid\u00e9os pour le c\u00f4t\u00e9 patient.<\/span><\/li>\n<\/ul>\n<p>&nbsp;<\/p>\n<p><span style=\"font-family: 'Blogger Sans light', sans-serif;\">Versions enregistr\u00e9es juin 2020<\/span><\/p>\n<p><span class=\"videowrapper embed-youtube-nocookie aspect_ratio_562\"><iframe title=\"Utilisation de l&#039;application mobile Terr-eSant\u00e9 pour les professionnels de sant\u00e9\" width=\"500\" height=\"281\" src=\"https:\/\/www.youtube-nocookie.com\/embed\/KM0k20KQy4g?feature=oembed\" frameborder=\"0\" allow=\"accelerometer; autoplay; clipboard-write; encrypted-media; gyroscope; picture-in-picture; web-share\" referrerpolicy=\"strict-origin-when-cross-origin\" allowfullscreen><\/iframe><\/span> <!-- \/.videowrapper --><\/p>\n<p><span style=\"font-family: 'Blogger Sans light', sans-serif;\">Merci d&rsquo;avoir suivi ce cycle de formation. Pour rappel pour toute interrogation n&rsquo;h\u00e9sitez pas \u00e0 consulter notre <a href=\"https:\/\/formation.sesan.fr\/terr-esante\/faq\/\">FAQ<\/a> ou \u00e0 prendre contact \u00e0 travers notre <a href=\"https:\/\/formation.sesan.fr\/terr-esante\/#contact\">formulaire<\/a>.<\/span><\/p>\n<p>&nbsp;<\/p>\n","protected":false},"excerpt":{"rendered":"<p>Dans le cadre de la crise sanitaire engendr\u00e9e par la pand\u00e9mie mondiale de coronavirus, il nous a parut indispensable de pouvoir \u00e9quiper les professionnels de sant\u00e9 d&rsquo;une solution facile \u00e0 [&hellip;]<\/p>\n","protected":false},"author":112,"featured_media":0,"parent":0,"menu_order":0,"comment_status":"closed","ping_status":"closed","template":"","meta":{"_acf_changed":false,"footnotes":""},"class_list":["post-2571","page","type-page","status-publish","hentry"],"acf":[],"publishpress_future_action":{"enabled":false,"date":"2026-05-06 16:51:01","action":"change-status","newStatus":"draft","terms":[],"taxonomy":""},"publishpress_future_workflow_manual_trigger":{"enabledWorkflows":[]},"_links":{"self":[{"href":"https:\/\/formation.sesan.fr\/terr-esante\/wp-json\/wp\/v2\/pages\/2571","targetHints":{"allow":["GET"]}}],"collection":[{"href":"https:\/\/formation.sesan.fr\/terr-esante\/wp-json\/wp\/v2\/pages"}],"about":[{"href":"https:\/\/formation.sesan.fr\/terr-esante\/wp-json\/wp\/v2\/types\/page"}],"author":[{"embeddable":true,"href":"https:\/\/formation.sesan.fr\/terr-esante\/wp-json\/wp\/v2\/users\/112"}],"replies":[{"embeddable":true,"href":"https:\/\/formation.sesan.fr\/terr-esante\/wp-json\/wp\/v2\/comments?post=2571"}],"version-history":[{"count":3,"href":"https:\/\/formation.sesan.fr\/terr-esante\/wp-json\/wp\/v2\/pages\/2571\/revisions"}],"predecessor-version":[{"id":2586,"href":"https:\/\/formation.sesan.fr\/terr-esante\/wp-json\/wp\/v2\/pages\/2571\/revisions\/2586"}],"wp:attachment":[{"href":"https:\/\/formation.sesan.fr\/terr-esante\/wp-json\/wp\/v2\/media?parent=2571"}],"curies":[{"name":"wp","href":"https:\/\/api.w.org\/{rel}","templated":true}]}}

Terr-eSanté &#8211; Module APP&rsquo; MOBILE PROFESSIONNELLE

<p><span style="font-family: 'Blogger Sans light', sans-serif;">Dans le cadre de la crise sanitaire engendrée par la pandémie mondiale de coronavirus, il nous a parut indispensable de pouvoir équiper les professionnels de santé d&rsquo;une solution facile à déployer pour le suivi des patients.</span></p>
<p><span style="font-family: 'Blogger Sans light', sans-serif;">Ainsi en complément du module eCOVID développé pour remonter les symptômes et données de santé propres au coronavirus, SESAN a complété son offre technique par l&rsquo;accès à ce module sur smartphone via 2 application mobiles:</span></p>
<ul>
<li><span style="font-family: 'Blogger Sans light', sans-serif;">L&rsquo;une décrite dans la vidéo ci-après pour les professionnelles de santé</span></li>
<li><span style="font-family: 'Blogger Sans light', sans-serif;">et l&rsquo;autre décrite dans d&rsquo;autres vidéos pour le côté patient.</span></li>
</ul>
<p>&nbsp;</p>
<p><span style="font-family: 'Blogger Sans light', sans-serif;">Versions enregistrées juin 2020</span></p>
<p><span class="videowrapper embed-youtube-nocookie aspect_ratio_562"><iframe title="Utilisation de l&#039;application mobile Terr-eSanté pour les professionnels de santé" width="500" height="281" src="https://www.youtube-nocookie.com/embed/KM0k20KQy4g?feature=oembed" frameborder="0" allow="accelerometer; autoplay; clipboard-write; encrypted-media; gyroscope; picture-in-picture; web-share" referrerpolicy="strict-origin-when-cross-origin" allowfullscreen></iframe></span> <!-- /.videowrapper --></p>
<p><span style="font-family: 'Blogger Sans light', sans-serif;">Merci d&rsquo;avoir suivi ce cycle de formation. Pour rappel pour toute interrogation n&rsquo;hésitez pas à consulter notre <a href="https://formation.sesan.fr/terr-esante/faq/">FAQ</a> ou à prendre contact à travers notre <a href="https://formation.sesan.fr/terr-esante/#contact">formulaire</a>.</span></p>
<p>&nbsp;</p>

<p>Dans le cadre de la crise sanitaire engendrée par la pandémie mondiale de coronavirus, il nous a parut indispensable de pouvoir équiper les professionnels de santé d&rsquo;une solution facile à [&hellip;]</p>
