{"id":1586,"date":"2020-03-16T11:08:43","date_gmt":"2020-03-16T10:08:43","guid":{"rendered":"https:\/\/formation.sesan.fr\/terr-esante\/?page_id=1586"},"modified":"2020-04-28T17:21:16","modified_gmt":"2020-04-28T15:21:16","slug":"parcours-covid","status":"publish","type":"page","link":"https:\/\/formation.sesan.fr\/terr-esante\/parcours-covid\/","title":{"rendered":"COVID-19"},"content":{"rendered":"<p><strong>Tutoriels Terr-eSant\u00e9 COVID-19 :<\/strong><\/p>\n<div>L\u2019onglet e-COVID du dossier Terr-eSant\u00e9 est un espace de suivi d\u00e9di\u00e9 \u00e0 la prise en charge du patient.<br \/>\nOn y retrouve<br \/>\n&#8211; les notes partag\u00e9es entre les membres de l&rsquo;equipe de soin<br \/>\n&#8211; Le cercle de soins,<br \/>\n&#8211; la possibilit\u00e9 d\u2019inviter ou de r\u00e9inviter le patient et ou son repr\u00e9sentant,<br \/>\n&#8211; l\u2019historique des prises en charge,<br \/>\n&#8211; les mesures renseign\u00e9es par le patient.<\/div>\n<ul>\n<li><a href=\"https:\/\/formation.sesan.fr\/terr-esante\/cat_exercices\/acovid19\/\" target=\"_blank\" rel=\"noopener noreferrer\">Pour les professionnels<\/a><\/li>\n<li><a href=\"https:\/\/formation.sesan.fr\/terr-esante\/cat_exercices\/apatient\/\" target=\"_blank\" rel=\"noopener noreferrer\">Pour les patients<\/a><\/li>\n<\/ul>\n<p><strong>Tutoriels ORTIF COVID-19 :<\/strong><\/p>\n<ul>\n<li><a href=\"https:\/\/formation.sesan.fr\/ortif\/cat_exercices\/a-covid-pro\/\" target=\"_blank\" rel=\"noopener noreferrer\">Pour les professionnels<\/a><\/li>\n<li><a href=\"https:\/\/formation.sesan.fr\/ortif\/cat_exercices\/a-covid-patient\/\" target=\"_blank\" rel=\"noopener noreferrer\">Pour les patients<\/a><\/li>\n<\/ul>\n<p><strong>Utilisation Via Trajectoire pour le Plan Blanc :<\/strong><\/p>\n<ul>\n<li><a href=\"https:\/\/formation.sesan.fr\/via-trajectoire\/wp-content\/uploads\/sites\/5\/2020\/03\/Evolutions-Recommandations-dutilisation-VT-Plan-Blanc-202003191.pdf\" target=\"_blank\" rel=\"noopener noreferrer\">Recommandations VT<\/a><\/li>\n<\/ul>\n","protected":false},"excerpt":{"rendered":"<p>Tutoriels Terr-eSant\u00e9 COVID-19 : L\u2019onglet e-COVID du dossier Terr-eSant\u00e9 est un espace de suivi d\u00e9di\u00e9 \u00e0 la prise en charge du patient. On y retrouve &#8211; les notes partag\u00e9es entre [&hellip;]<\/p>\n","protected":false},"author":33,"featured_media":0,"parent":0,"menu_order":0,"comment_status":"closed","ping_status":"closed","template":"","meta":{"_acf_changed":false,"footnotes":""},"class_list":["post-1586","page","type-page","status-publish","hentry"],"acf":[],"publishpress_future_action":{"enabled":false,"date":"2026-05-06 14:15:48","action":"change-status","newStatus":"draft","terms":[],"taxonomy":""},"publishpress_future_workflow_manual_trigger":{"enabledWorkflows":[]},"_links":{"self":[{"href":"https:\/\/formation.sesan.fr\/terr-esante\/wp-json\/wp\/v2\/pages\/1586","targetHints":{"allow":["GET"]}}],"collection":[{"href":"https:\/\/formation.sesan.fr\/terr-esante\/wp-json\/wp\/v2\/pages"}],"about":[{"href":"https:\/\/formation.sesan.fr\/terr-esante\/wp-json\/wp\/v2\/types\/page"}],"author":[{"embeddable":true,"href":"https:\/\/formation.sesan.fr\/terr-esante\/wp-json\/wp\/v2\/users\/33"}],"replies":[{"embeddable":true,"href":"https:\/\/formation.sesan.fr\/terr-esante\/wp-json\/wp\/v2\/comments?post=1586"}],"version-history":[{"count":23,"href":"https:\/\/formation.sesan.fr\/terr-esante\/wp-json\/wp\/v2\/pages\/1586\/revisions"}],"predecessor-version":[{"id":1914,"href":"https:\/\/formation.sesan.fr\/terr-esante\/wp-json\/wp\/v2\/pages\/1586\/revisions\/1914"}],"wp:attachment":[{"href":"https:\/\/formation.sesan.fr\/terr-esante\/wp-json\/wp\/v2\/media?parent=1586"}],"curies":[{"name":"wp","href":"https:\/\/api.w.org\/{rel}","templated":true}]}}

<p><strong>Tutoriels Terr-eSanté COVID-19 :</strong></p>
<div>L’onglet e-COVID du dossier Terr-eSanté est un espace de suivi dédié à la prise en charge du patient.<br />
On y retrouve<br />
&#8211; les notes partagées entre les membres de l&rsquo;equipe de soin<br />
&#8211; Le cercle de soins,<br />
&#8211; la possibilité d’inviter ou de réinviter le patient et ou son représentant,<br />
&#8211; l’historique des prises en charge,<br />
&#8211; les mesures renseignées par le patient.</div>
<ul>
<li><a href="https://formation.sesan.fr/terr-esante/cat_exercices/acovid19/" target="_blank" rel="noopener noreferrer">Pour les professionnels</a></li>
<li><a href="https://formation.sesan.fr/terr-esante/cat_exercices/apatient/" target="_blank" rel="noopener noreferrer">Pour les patients</a></li>
</ul>
<p><strong>Tutoriels ORTIF COVID-19 :</strong></p>
<ul>
<li><a href="https://formation.sesan.fr/ortif/cat_exercices/a-covid-pro/" target="_blank" rel="noopener noreferrer">Pour les professionnels</a></li>
<li><a href="https://formation.sesan.fr/ortif/cat_exercices/a-covid-patient/" target="_blank" rel="noopener noreferrer">Pour les patients</a></li>
</ul>
<p><strong>Utilisation Via Trajectoire pour le Plan Blanc :</strong></p>
<ul>
<li><a href="https://formation.sesan.fr/via-trajectoire/wp-content/uploads/sites/5/2020/03/Evolutions-Recommandations-dutilisation-VT-Plan-Blanc-202003191.pdf" target="_blank" rel="noopener noreferrer">Recommandations VT</a></li>
</ul>

<p>Tutoriels Terr-eSanté COVID-19 : L’onglet e-COVID du dossier Terr-eSanté est un espace de suivi dédié à la prise en charge du patient. On y retrouve &#8211; les notes partagées entre [&hellip;]</p>
