{"id":264,"date":"2018-07-18T15:24:42","date_gmt":"2018-07-18T13:24:42","guid":{"rendered":"https:\/\/formation.sesan.fr\/ortif\/?page_id=264"},"modified":"2019-09-11T15:16:24","modified_gmt":"2019-09-11T13:16:24","slug":"bonnes-pratiques","status":"publish","type":"page","link":"https:\/\/formation.sesan.fr\/ortif\/bonnes-pratiques\/","title":{"rendered":"La T\u00e9l\u00e9m\u00e9decine"},"content":{"rendered":"<h1 style=\"text-align: center;\"><strong><img fetchpriority=\"high\" decoding=\"async\" class=\"alignnone size-medium wp-image-1413\" src=\"https:\/\/formation.sesan.fr\/ortif\/wp-content\/uploads\/sites\/2\/2018\/12\/Dr-Ortif_Chantier-2-217x300.png\" alt=\"\" width=\"217\" height=\"300\" srcset=\"https:\/\/formation.sesan.fr\/ortif\/wp-content\/uploads\/sites\/2\/2018\/12\/Dr-Ortif_Chantier-2-217x300.png 217w, https:\/\/formation.sesan.fr\/ortif\/wp-content\/uploads\/sites\/2\/2018\/12\/Dr-Ortif_Chantier-2.png 299w\" sizes=\"(max-width: 217px) 100vw, 217px\" \/><\/strong><\/h1>\n<p>&nbsp;<\/p>\n<p>&nbsp;<\/p>\n<h1 style=\"text-align: center;\"><strong>Page en construction<\/strong><\/h1>\n<p>&nbsp;<\/p>\n<p>Cette rubrique est actuellement en cours de construction, retrouvez bient\u00f4t ici les articles suivants :<\/p>\n<p>&nbsp;<\/p>\n<ul>\n<li>Qu&rsquo;est ce que la t\u00e9l\u00e9m\u00e9decine\u00a0 ?<\/li>\n<li>Qu&rsquo;apporte la t\u00e9l\u00e9m\u00e9decine ?<\/li>\n<li>Quels type de patients peuvent \u00eatre pris en charge par t\u00e9l\u00e9m\u00e9decine ?<\/li>\n<li>L&rsquo;impact de la t\u00e9l\u00e9m\u00e9decine sur le colloque singulier.<\/li>\n<li>Comment mettre en place une activit\u00e9 de T\u00e9l\u00e9m\u00e9decine ?<\/li>\n<li>R\u00e9ussir sa t\u00e9l\u00e9consultation<\/li>\n<li>T\u00e9l\u00e9m\u00e9decine : quel \u00e9quipement pour quel usage ?<\/li>\n<\/ul>\n","protected":false},"excerpt":{"rendered":"<p>&nbsp; &nbsp; Page en construction &nbsp; Cette rubrique est actuellement en cours de construction, retrouvez bient\u00f4t ici les articles suivants : &nbsp; Qu&rsquo;est ce que la t\u00e9l\u00e9m\u00e9decine\u00a0 ? Qu&rsquo;apporte la [&hellip;]<\/p>\n","protected":false},"author":1,"featured_media":0,"parent":0,"menu_order":0,"comment_status":"closed","ping_status":"closed","template":"page_FAQ.php","meta":{"_acf_changed":false,"footnotes":""},"class_list":["post-264","page","type-page","status-publish","hentry"],"acf":[],"publishpress_future_action":{"enabled":false,"date":"2026-05-06 12:59:08","action":"change-status","newStatus":"draft","terms":[],"taxonomy":""},"publishpress_future_workflow_manual_trigger":{"enabledWorkflows":[]},"_links":{"self":[{"href":"https:\/\/formation.sesan.fr\/ortif\/wp-json\/wp\/v2\/pages\/264","targetHints":{"allow":["GET"]}}],"collection":[{"href":"https:\/\/formation.sesan.fr\/ortif\/wp-json\/wp\/v2\/pages"}],"about":[{"href":"https:\/\/formation.sesan.fr\/ortif\/wp-json\/wp\/v2\/types\/page"}],"author":[{"embeddable":true,"href":"https:\/\/formation.sesan.fr\/ortif\/wp-json\/wp\/v2\/users\/1"}],"replies":[{"embeddable":true,"href":"https:\/\/formation.sesan.fr\/ortif\/wp-json\/wp\/v2\/comments?post=264"}],"version-history":[{"count":119,"href":"https:\/\/formation.sesan.fr\/ortif\/wp-json\/wp\/v2\/pages\/264\/revisions"}],"predecessor-version":[{"id":3911,"href":"https:\/\/formation.sesan.fr\/ortif\/wp-json\/wp\/v2\/pages\/264\/revisions\/3911"}],"wp:attachment":[{"href":"https:\/\/formation.sesan.fr\/ortif\/wp-json\/wp\/v2\/media?parent=264"}],"curies":[{"name":"wp","href":"https:\/\/api.w.org\/{rel}","templated":true}]}}

La Télémédecine

<h1 style="text-align: center;"><strong><img fetchpriority="high" decoding="async" class="alignnone size-medium wp-image-1413" src="https://formation.sesan.fr/ortif/wp-content/uploads/sites/2/2018/12/Dr-Ortif_Chantier-2-217x300.png" alt="" width="217" height="300" srcset="https://formation.sesan.fr/ortif/wp-content/uploads/sites/2/2018/12/Dr-Ortif_Chantier-2-217x300.png 217w, https://formation.sesan.fr/ortif/wp-content/uploads/sites/2/2018/12/Dr-Ortif_Chantier-2.png 299w" sizes="(max-width: 217px) 100vw, 217px" /></strong></h1>
<p>&nbsp;</p>
<p>&nbsp;</p>
<h1 style="text-align: center;"><strong>Page en construction</strong></h1>
<p>&nbsp;</p>
<p>Cette rubrique est actuellement en cours de construction, retrouvez bientôt ici les articles suivants :</p>
<p>&nbsp;</p>
<ul>
<li>Qu&rsquo;est ce que la télémédecine  ?</li>
<li>Qu&rsquo;apporte la télémédecine ?</li>
<li>Quels type de patients peuvent être pris en charge par télémédecine ?</li>
<li>L&rsquo;impact de la télémédecine sur le colloque singulier.</li>
<li>Comment mettre en place une activité de Télémédecine ?</li>
<li>Réussir sa téléconsultation</li>
<li>Télémédecine : quel équipement pour quel usage ?</li>
</ul>

<p>&nbsp; &nbsp; Page en construction &nbsp; Cette rubrique est actuellement en cours de construction, retrouvez bientôt ici les articles suivants : &nbsp; Qu&rsquo;est ce que la télémédecine  ? Qu&rsquo;apporte la [&hellip;]</p>
