{"id":10685,"date":"2020-10-02T16:29:53","date_gmt":"2020-10-02T14:29:53","guid":{"rendered":"https:\/\/formation.sesan.fr\/ortif\/?page_id=10685"},"modified":"2022-07-22T18:42:58","modified_gmt":"2022-07-22T16:42:58","slug":"contact-vnat","status":"publish","type":"page","link":"https:\/\/formation.sesan.fr\/ortif\/contact-vnat\/","title":{"rendered":"Contact"},"content":{"rendered":"<div id=\"contact\" class=\"container-fluid contact\">\n<div class=\"row\">\n<div class=\"container\">\n<div class=\"row\">\n<div class=\"col-12 text-center\">\n<h4>Contact<\/h4>\n<\/div>\n<div class=\"col-12 deco\"><img decoding=\"async\" src=\"https:\/\/formation.sesan.fr\/ortif\/wp-content\/themes\/ortif\/images\/separe-blanc.png\" \/><\/div>\n\n<div class=\"wpcf7 no-js\" id=\"wpcf7-f273-o1\" lang=\"fr-FR\" dir=\"ltr\" data-wpcf7-id=\"273\">\n<div class=\"screen-reader-response\"><p role=\"status\" aria-live=\"polite\" aria-atomic=\"true\"><\/p> <ul><\/ul><\/div>\n<form action=\"\/ortif\/wp-json\/wp\/v2\/pages\/10685#wpcf7-f273-o1\" method=\"post\" class=\"wpcf7-form init\" aria-label=\"Formulaire de contact\" novalidate=\"novalidate\" data-status=\"init\">\n<fieldset class=\"hidden-fields-container\"><input type=\"hidden\" name=\"_wpcf7\" value=\"273\" \/><input type=\"hidden\" name=\"_wpcf7_version\" value=\"6.1.5\" \/><input type=\"hidden\" name=\"_wpcf7_locale\" value=\"fr_FR\" \/><input type=\"hidden\" name=\"_wpcf7_unit_tag\" value=\"wpcf7-f273-o1\" \/><input type=\"hidden\" name=\"_wpcf7_container_post\" value=\"0\" \/><input type=\"hidden\" name=\"_wpcf7_posted_data_hash\" value=\"\" \/><input type=\"hidden\" name=\"_wpcf7_recaptcha_response\" value=\"\" \/>\n<\/fieldset>\n<p><span class=\"wpcf7-form-control-wrap\" data-name=\"text-999\"><input size=\"40\" maxlength=\"400\" class=\"wpcf7-form-control wpcf7-text wpcf7-validates-as-required\" aria-required=\"true\" aria-invalid=\"false\" placeholder=\"Nom*\" value=\"\" type=\"text\" name=\"text-999\" \/><\/span><br \/>\n<span class=\"wpcf7-form-control-wrap\" data-name=\"text-1000\"><input size=\"40\" maxlength=\"400\" class=\"wpcf7-form-control wpcf7-text wpcf7-validates-as-required\" aria-required=\"true\" aria-invalid=\"false\" placeholder=\"Pr\u00e9nom*\" value=\"\" type=\"text\" name=\"text-1000\" \/><\/span><br \/>\n<span class=\"wpcf7-form-control-wrap\" data-name=\"email-1001\"><input size=\"40\" maxlength=\"400\" class=\"wpcf7-form-control wpcf7-email wpcf7-validates-as-required wpcf7-text wpcf7-validates-as-email\" aria-required=\"true\" aria-invalid=\"false\" placeholder=\"Adresse email*\" value=\"\" type=\"email\" name=\"email-1001\" \/><\/span><br \/>\n<span class=\"wpcf7-form-control-wrap\" data-name=\"textarea-845\"><textarea cols=\"40\" rows=\"10\" maxlength=\"2000\" class=\"wpcf7-form-control wpcf7-textarea wpcf7-validates-as-required\" aria-required=\"true\" aria-invalid=\"false\" placeholder=\"Message*\" name=\"textarea-845\"><\/textarea><\/span><br \/>\n<span class=\"wpcf7-form-control-wrap\" data-name=\"acceptance-rgpd\"><span class=\"wpcf7-form-control wpcf7-acceptance\"><span class=\"wpcf7-list-item\"><label><input type=\"checkbox\" name=\"acceptance-rgpd\" value=\"1\" aria-invalid=\"false\" \/><span class=\"wpcf7-list-item-label\">En soumettant ce formulaire, vous consentez au traitement de vos donn\u00e9es personnelles par SESAN dans la finalit\u00e9 de vous recontacter. Pour plus d'informations sur le traitement de vos donn\u00e9es personnelles, veuillez <a href=\"\/mentions-legales\/\" target-\"_blank\" style=\"color:#FFFFFF;\">cliquer ici<\/a>.<\/span><\/label><\/span><\/span><\/span>\n<\/p>\n<div class=\"d-flex justify-content-center\">\n\t<p><input class=\"wpcf7-form-control wpcf7-submit has-spinner\" type=\"submit\" value=\"Envoyer\" \/>\n\t<\/p>\n<\/div><div class=\"wpcf7-response-output\" aria-hidden=\"true\"><\/div>\n<\/form>\n<\/div>\n\n<div class=\"col-12 col-lg-5\">\n<div class=\"col-12 col-lg-7\">\n<div class=\"row\">\n<div class=\"col-12 col-md-7 map\">\n<div class=\"embed-responsive embed-responsive-1by1\"><iframe class=\"embed-responsive-item\" style=\"border: 1px solid black;\" src=\"https:\/\/www.openstreetmap.org\/export\/embed.html?bbox=2.2764658927917485%2C48.826729128464265%2C2.304790019989014%2C48.838721014591236&amp;layer=mapnik&amp;marker=48.83272543031712%2C2.290627956390381\" width=\"425\" height=\"350\" frameborder=\"0\" marginwidth=\"0\" marginheight=\"0\" scrolling=\"no\"><\/iframe><\/div>\n<\/div>\n<div class=\"col-12 col-md-5 coords\">\n<div class=\"group-contact-content field-group-div \">\n<div class=\"field field-name-field-nom-societe-coordonnees field-type-text field-label-hidden contact-nom-ste\">\n<div class=\"field-items\">\n<div class=\"field-item even\"><strong>SESAN<\/strong><\/div>\n<\/div>\n<\/div>\n<div class=\"field field-name-field-adresse-coordonnees field-type-text-with-summary field-label-hidden\">\n<div class=\"field-items\">\n<div class=\"field-item even\">\n<p><span style=\"color: #ffffff;\">6-8 rue Firmin Gillot<\/span><\/p>\n<p><span style=\"color: #ffffff;\">75015\u00a0PARIS<\/span><\/p>\n<\/div>\n<\/div>\n<\/div>\n<div class=\"field field-name-field-tel-coordonnees field-type-telephone field-label-inline clearfix\">\n<div class=\"field-items\">\n<div class=\"field-item even\">\n<p><span style=\"color: #ffffff;\">M\u00e9tro Porte de Versailles\u00a0ligne\u00a012<\/span><\/p>\n<p><span style=\"color: #ffffff;\">Tram lignes T2 et T3<\/span><\/p>\n<\/div>\n<\/div>\n<\/div>\n<div class=\"field field-name-field-informations-pratiques field-type-text-long field-label-hidden\">\n<div class=\"field-items\">\n<div class=\"field-item even\">\n<p>&nbsp;<\/p>\n<\/div>\n<\/div>\n<\/div>\n<\/div>\n<\/div>\n<\/div>\n<\/div>\n<\/div>\n<\/div>\n<\/div>\n<\/div>\n","protected":false},"excerpt":{"rendered":"<p>Contact SESAN 6-8 rue Firmin Gillot 75015\u00a0PARIS M\u00e9tro Porte de Versailles\u00a0ligne\u00a012 Tram lignes T2 et T3 &nbsp;<\/p>\n","protected":false},"author":130,"featured_media":0,"parent":0,"menu_order":0,"comment_status":"closed","ping_status":"closed","template":"","meta":{"_acf_changed":false,"footnotes":""},"class_list":["post-10685","page","type-page","status-publish","hentry"],"acf":[],"publishpress_future_action":{"enabled":false,"date":"2026-05-06 12:59:14","action":"change-status","newStatus":"draft","terms":[],"taxonomy":""},"publishpress_future_workflow_manual_trigger":{"enabledWorkflows":[]},"_links":{"self":[{"href":"https:\/\/formation.sesan.fr\/ortif\/wp-json\/wp\/v2\/pages\/10685","targetHints":{"allow":["GET"]}}],"collection":[{"href":"https:\/\/formation.sesan.fr\/ortif\/wp-json\/wp\/v2\/pages"}],"about":[{"href":"https:\/\/formation.sesan.fr\/ortif\/wp-json\/wp\/v2\/types\/page"}],"author":[{"embeddable":true,"href":"https:\/\/formation.sesan.fr\/ortif\/wp-json\/wp\/v2\/users\/130"}],"replies":[{"embeddable":true,"href":"https:\/\/formation.sesan.fr\/ortif\/wp-json\/wp\/v2\/comments?post=10685"}],"version-history":[{"count":14,"href":"https:\/\/formation.sesan.fr\/ortif\/wp-json\/wp\/v2\/pages\/10685\/revisions"}],"predecessor-version":[{"id":12845,"href":"https:\/\/formation.sesan.fr\/ortif\/wp-json\/wp\/v2\/pages\/10685\/revisions\/12845"}],"wp:attachment":[{"href":"https:\/\/formation.sesan.fr\/ortif\/wp-json\/wp\/v2\/media?parent=10685"}],"curies":[{"name":"wp","href":"https:\/\/api.w.org\/{rel}","templated":true}]}}

<div id="contact" class="container-fluid contact">
<div class="row">
<div class="container">
<div class="row">
<div class="col-12 text-center">
<h4>Contact</h4>
</div>
<div class="col-12 deco"><img decoding="async" src="https://formation.sesan.fr/ortif/wp-content/themes/ortif/images/separe-blanc.png" /></div>

<div class="wpcf7 no-js" id="wpcf7-f273-o1" lang="fr-FR" dir="ltr" data-wpcf7-id="273">
<div class="screen-reader-response"><p role="status" aria-live="polite" aria-atomic="true"></p> <ul></ul></div>
<form action="/ortif/wp-json/wp/v2/pages/10685#wpcf7-f273-o1" method="post" class="wpcf7-form init" aria-label="Formulaire de contact" novalidate="novalidate" data-status="init">
<fieldset class="hidden-fields-container"><input type="hidden" name="_wpcf7" value="273" /><input type="hidden" name="_wpcf7_version" value="6.1.5" /><input type="hidden" name="_wpcf7_locale" value="fr_FR" /><input type="hidden" name="_wpcf7_unit_tag" value="wpcf7-f273-o1" /><input type="hidden" name="_wpcf7_container_post" value="0" /><input type="hidden" name="_wpcf7_posted_data_hash" value="" /><input type="hidden" name="_wpcf7_recaptcha_response" value="" />
</fieldset>
<p><span class="wpcf7-form-control-wrap" data-name="text-999"><input size="40" maxlength="400" class="wpcf7-form-control wpcf7-text wpcf7-validates-as-required" aria-required="true" aria-invalid="false" placeholder="Nom*" value="" type="text" name="text-999" /></span><br />
<span class="wpcf7-form-control-wrap" data-name="text-1000"><input size="40" maxlength="400" class="wpcf7-form-control wpcf7-text wpcf7-validates-as-required" aria-required="true" aria-invalid="false" placeholder="Prénom*" value="" type="text" name="text-1000" /></span><br />
<span class="wpcf7-form-control-wrap" data-name="email-1001"><input size="40" maxlength="400" class="wpcf7-form-control wpcf7-email wpcf7-validates-as-required wpcf7-text wpcf7-validates-as-email" aria-required="true" aria-invalid="false" placeholder="Adresse email*" value="" type="email" name="email-1001" /></span><br />
<span class="wpcf7-form-control-wrap" data-name="textarea-845"><textarea cols="40" rows="10" maxlength="2000" class="wpcf7-form-control wpcf7-textarea wpcf7-validates-as-required" aria-required="true" aria-invalid="false" placeholder="Message*" name="textarea-845"></textarea></span><br />
<span class="wpcf7-form-control-wrap" data-name="acceptance-rgpd"><span class="wpcf7-form-control wpcf7-acceptance"><span class="wpcf7-list-item"><label><input type="checkbox" name="acceptance-rgpd" value="1" aria-invalid="false" /><span class="wpcf7-list-item-label">En soumettant ce formulaire, vous consentez au traitement de vos données personnelles par SESAN dans la finalité de vous recontacter. Pour plus d'informations sur le traitement de vos données personnelles, veuillez <a href="/mentions-legales/" target-"_blank" style="color:#FFFFFF;">cliquer ici</a>.</span></label></span></span></span>
</p>
<div class="d-flex justify-content-center">
	<p><input class="wpcf7-form-control wpcf7-submit has-spinner" type="submit" value="Envoyer" />
	</p>
</div><div class="wpcf7-response-output" aria-hidden="true"></div>
</form>
</div>

<div class="col-12 col-lg-5">
<div class="col-12 col-lg-7">
<div class="row">
<div class="col-12 col-md-7 map">
<div class="embed-responsive embed-responsive-1by1"><iframe class="embed-responsive-item" style="border: 1px solid black;" src="https://www.openstreetmap.org/export/embed.html?bbox=2.2764658927917485%2C48.826729128464265%2C2.304790019989014%2C48.838721014591236&amp;layer=mapnik&amp;marker=48.83272543031712%2C2.290627956390381" width="425" height="350" frameborder="0" marginwidth="0" marginheight="0" scrolling="no"></iframe></div>
</div>
<div class="col-12 col-md-5 coords">
<div class="group-contact-content field-group-div ">
<div class="field field-name-field-nom-societe-coordonnees field-type-text field-label-hidden contact-nom-ste">
<div class="field-items">
<div class="field-item even"><strong>SESAN</strong></div>
</div>
</div>
<div class="field field-name-field-adresse-coordonnees field-type-text-with-summary field-label-hidden">
<div class="field-items">
<div class="field-item even">
<p><span style="color: #ffffff;">6-8 rue Firmin Gillot</span></p>
<p><span style="color: #ffffff;">75015 PARIS</span></p>
</div>
</div>
</div>
<div class="field field-name-field-tel-coordonnees field-type-telephone field-label-inline clearfix">
<div class="field-items">
<div class="field-item even">
<p><span style="color: #ffffff;">Métro Porte de Versailles ligne 12</span></p>
<p><span style="color: #ffffff;">Tram lignes T2 et T3</span></p>
</div>
</div>
</div>
<div class="field field-name-field-informations-pratiques field-type-text-long field-label-hidden">
<div class="field-items">
<div class="field-item even">
<p>&nbsp;</p>
</div>
</div>
</div>
</div>
</div>
</div>
</div>
</div>
</div>
</div>
</div>

<p>Contact SESAN 6-8 rue Firmin Gillot 75015 PARIS Métro Porte de Versailles ligne 12 Tram lignes T2 et T3 &nbsp;</p>
